
7, 29, 193, 2729
What are the prime factors of 323430390?
2, 3, 5, 971, 3701
List the prime factors of 130940878.
2, 65470439
List the prime factors of 11684859.
3, 37, 105269
What are the prime factors of 1891251335?
5, 89, 1367, 3109
What are the prime factors of 1848152543?
97, 19053119
List the prime factors of 39528065.
5, 167, 47339
What are the prime factors of 1352842285?
5, 37, 2473, 2957
List the prime factors of 232289879.
232289879
List the prime factors of 209782596.
2, 3, 887, 19709
What are the prime factors of 408307770?
2, 3, 5, 13, 61, 1907
List the prime factors of 5038668.
2, 3, 67, 2089
List the prime factors of 318690980.
2, 5, 677, 23537
What are the prime factors of 15931159?
17, 937127
What are the prime factors of 1521748347?
3, 7, 72464207
List the prime factors of 613503751.
7, 557, 157349
What are the prime factors of 207028786?
2, 103514393
List the prime factors of 374031898.
2, 187015949
What are the prime factors of 118670794?
2, 11, 643, 8389
List the prime factors of 132469174.
2, 66234587
What are the prime factors of 95033681?
1619, 58699
List the prime factors of 165596891.
165596891
List the prime factors of 371449137.
3, 123816379
What are the prime factors of 2810142416?
2, 349, 503249
List the prime factors of 14431187.
43, 335609
What are the prime factors of 42684450?
2, 3, 5, 17, 19, 881
What are the prime factors of 815319563?
41, 107, 185849
List the prime factors of 5350886525.
5, 12377, 17293
What are the prime factors of 1185332220?
2, 3, 5, 71, 137, 677
List the prime factors of 25298798.
2, 7, 67, 3853
What are the prime factors of 54560884?
2, 7, 1948603
What are the prime factors of 1749003?
3, 181, 3221
What are the prime factors of 14620195?
5, 881, 3319
What are the prime factors of 479324214?
2, 3, 17, 61, 25679
List the prime factors of 112711882.
2, 5903, 9547
List the prime factors of 1568239414.
2, 7, 16002443
What are the prime factors of 18593410?
2, 5, 11, 17, 61, 163
List the prime factors of 947287843.
947287843
What are the prime factors of 477161151?
3, 17, 23, 157, 2591
What are the prime factors of 485550266?
2, 15349, 15817
List the prime factors of 35462903.
7, 107, 113, 419
List the prime factors of 33388922.
2, 7, 31, 107, 719
List the prime factors of 37177163.
79, 470597
What are the prime factors of 517171530?
2, 3, 5, 17239051
What are the prime factors of 1393294828?
2, 23, 149, 101641
What are the prime factors of 3127963?
397, 7879
List the prime factors of 31815634.
2, 37, 191, 2251
What are the prime factors of 70144495?
5, 79, 311, 571
List the prime factors of 15118579.
7, 131, 16487
What are the prime factors of 145852786?
2, 72926393
List the prime factors of 1455313763.
1455313763
List the prime factors of 154305758.
2, 23, 43, 181, 431
List the prime factors of 178329548.
2, 44582387
List the prime factors of 167294774.
2, 83647387
What are the prime factors of 19833901?
137, 144773
List the prime factors of 1906822551.
3, 257, 2473181
What are the prime factors of 3736442409?
3, 7, 173, 1028473
What are the prime factors of 2255337467?
27011, 83497
What are the prime factors of 94615872?
2, 3, 13, 37907
List the prime factors of 191133772.
2, 23, 47, 44203
What are the prime factors of 663925?
5, 26557
List the prime factors of 5088237831.
3, 1367, 45953
List the prime factors of 30751269.
3, 173, 193, 307
List the prime factors of 1576321033.
7, 32169817
What are the prime factors of 5723744810?
2, 5, 7, 23, 3555121
What are the prime factors of 7708993?
179, 43067
What are the prime factors of 107029789?
37, 2113
What are the prime factors of 312096475?
5, 71, 175829
List the prime factors of 58003477.
7, 8286211
List the prime factors of 220340617.
7, 1931, 16301
What are the prime factors of 1076288822?
2, 7, 733, 14983
List the prime factors of 171913489.
11, 103, 151733
What are the prime factors of 235704639?
3, 3929, 19997
What are the prime factors of 646794336?
2, 3, 37, 211, 863
What are the prime factors of 951157575?
3, 5, 19, 222493
What are the prime factors of 25073651?
25073651
List the prime factors of 24838367.
23, 1079929
What are the prime factors of 46705156?
2, 173, 67493
List the prime factors of 33136290.
2, 3, 5, 11, 3719
What are the prime factors of 172208332?
2, 43052083
List the prime factors of 674344329.
3, 773, 290791
List the prime factors of 340702260.
2, 3, 5, 809, 7019
List the prime factors of 76662619.
11, 1823, 3823
What are the prime factors of 93635006?
2, 59, 793517
List the prime factors of 958465229.
15139, 63311
What are the prime factors of 203090499?
3, 22565611
What are the prime factors of 394044047?
109, 193, 18731
What are the prime factors of 1589797516?
2, 29, 853, 16067
List the prime factors of 153050905.
5, 7, 4372883
List the prime factors of 260087873.
1381, 188333
List the prime factors of 320968854.
2, 3, 31, 575213
List the prime factors of 2941759156.
2, 7, 23, 251, 18199
List the prime factors of 279221.
279221
What are the prime factors of 143210790?
2, 3, 5, 19, 89, 941
List the prime factors of 334880729.
163, 2054483
What are the prime factors of 579098513?
7, 11818337
List the prime factors of 157036830.
2, 3, 5, 83, 63067
What are the prime factors of 183848674?
2, 19, 41, 197, 599
List the prime factors of 162725121.
3, 13, 1390813
List the prime factors of 77262313.
23, 47, 71473
List the prime factors of 130073927.
2039, 63793
What are the prime factors of 31071225?
3, 5, 414283
What are the prime factors of 52264856?
2, 7, 933301
What are the prime factors of 333111122?
2, 571, 291691
What are the prime factors of 1074375169?
7, 127, 1208521
List the prime factors of 908571903.
3, 302857301
What are the prime factors of 174657559?
174657559
What are the prime factors of 90479591?
90479591
List the prime factors of 2866681949.
2866681949
What are the prime factors of 3318386934?
2, 3, 107, 881, 5867
What are the prime factors of 56556330?
2, 3, 5, 653, 2887
What are the prime factors of 1235542566?
2, 3, 23, 8953207
What are the prime factors of 175710796?
2, 43927699
List the prime factors of 5759946665.
5, 11, 659, 14447
List the prime factors of 321024041.
13, 23, 193, 5563
What are the prime factors of 63889958?
2, 11, 29, 239, 419
What are the prime factors of 5611827399?
3, 41, 571, 79903
What are the prime factors of 3370279?
11, 306389
List the prime factors of 242018166.
2, 3, 13, 29, 106993
List the prime factors of 206014699.
11, 79, 237071
What are the prime factors of 21709741?
71, 305771
What are the prime factors of 226957400?
2, 5, 1134787
What are the prime factors of 433415911?
7879, 55009
What are the prime factors of 369551970?
2, 3, 5, 163, 311
List the prime factors of 322107111.
3, 23, 41, 4217
List the prime factors of 1657479819.
3, 73, 113, 66977
What are the prime factors of 61930556?
2, 15482639
What are the prime factors of 122816944?
2, 43, 178513
What are the prime factors of 591269645?
5, 19, 61, 102031
List the prime factors of 52454387.
31, 337, 5021
What are the prime factors of 2558640928?
2, 19, 221489
What are the prime factors of 1261387337?
7, 103, 1749497
List the prime factors of 229168520.
2, 5, 7, 113, 7243
What are the prime factors of 7254425953?
1181, 6142613
List the prime factors of 496390355.
5, 113, 878567
List the prime factors of 2051897493.
3, 37, 18485563
List the prime factors of 196622771.
1289, 152539
List the prime factors of 311069542.
2, 7, 41, 77419
What are the prime factors of 1527847856?
2, 95490491
What are the prime factors of 3805787552?
2, 7, 17, 19, 23, 2287
List the prime factors of 159903327.
3, 109, 489001
List the prime factors of 987396429.
3, 329132143
List the prime factors of 6857886.
2, 3, 7, 269, 607
What are the prime factors of 481141523?
29, 1889, 8783
List the prime factors of 1262255923.
31, 47, 797, 1087
List the prime factors of 152701267.
4289, 35603
What are the prime factors of 1873537798?
2, 11, 85160809
What are the prime factors of 513592845?
3, 5, 34239523
What are the prime factors of 420012344?
2, 52501543
List the prime factors of 1175702996.
2, 13, 2011, 11243
What are the prime factors of 333686047?
17, 23, 2953
List the prime factors of 29509807.
17, 1735871
What are the prime f